. Is u(8) composite?
False
Let z = -45969 - -64897. Suppose 0 = -2*p + n + 9462, 9*p = 13*p - 3*n - z. Is p a prime number?
True
Suppose 7*i + 7363 = 10*i + 5*z, -3*i = 4*z - 7361. Suppose -3*d - s = -11445 + 4088, -d - s = -i. Is d a composite number?
True
Let n(i) = -11*i + 2459. Suppose 0 = -t - t - 4*j + 16, -16 = -5*t - 4*j. Is n(t) composite?
False
Suppose x = -x + 792. Suppose -5 + 3 = 2*a, -a = 5*b + x. Let u = 240 - b. Is u a prime number?
False
Let m be 44/(-7) + 32/112. Suppose 3*g + 0*g - 12 = 0. Is (m + g)/(4/(-1006)) a prime number?
True
Let u be (-4)/3 + 39/9. Is 21508/u - (25/(-15) - -2) a prime number?
False
Let a = 1888009 + -999722. Is a a composite number?
False
Let v be (3/(-9))/(4/48). Let z be 2067*((v - -6) + -1). Suppose b + z = 4*b. Is b a prime number?
False
Let p(o) = -o**2 - 15*o - 8. Let j be p(-15). Let t be 5350/(-20)*j/10. Let m = t + -117. Is m prime?
True
Let d = 1 - -40. Let i = 48 - 5. Suppose d*z = i*z - 2722. Is z a prime number?
True
Suppose -11*s + 6*s = -10. Suppose 24 = -s*x + 8*x. Suppose -4*k + 1067 = 5*o, 0 = -x*o + 2*k - 3*k + 858. Is o a prime number?
False
Let v = 207 - 211. Is ((2 - 8951) + 2)/(-5 - v) composite?
True
Suppose -4*n - 123 = 73. Let o = n + 55. Suppose 9271 = o*q - 2075. Is q a composite number?
True
Let r(q) be the third derivative of -q**6/120 + q**5/2 - 11*q**4/24 - 29*q**3/6 + 3*q**2 - 3. Is r(26) a prime number?
True
Let m be 100 - -14 - (-2)/(-2). Suppose -221*i = -222*i + m. Is i a prime number?
True
Let x(p) = p**2 + 2*p + 3. Let y be x(-2). Suppose j + y*t = 838, -j = 2*j - t - 2554. Let o = -585 + j. Is o a composite number?
True
Suppose 1158977 = 16*j + 605199 - 2159006. Is j a prime number?
False
Let t = 2317797 + 387104. Is t a prime number?
True
Suppose 15*d - 43*d + 3260865 + 631163 = 0. Is d a prime number?
False
Let u = 684497 - 235530. Is u a prime number?
False
Is 175878 + -39 - (-27 + 11) composite?
True
Suppose 2*n - 100 = -100. Suppose 0 = -s + 5. Suppose n = -5*m + 4*z - z + 2048, -s*m - z = -2044. Is m a composite number?
False
Let q be 8/(1 - -3) - (-1 + 3). Let x be 5 - -1 - (q/(-1) - -2). Suppose 0 = -3*y - b + 8584, 5*y - 11364 - 2937 = x*b. Is y a composite number?
False
Let f(k) = -6*k**2 - 3 + 13 + 24*k**2 + 1093*k - 1086*k. Is f(-11) prime?
True
Let y = 609 + -600. Let l(h) = 1102*h - 289. Is l(y) prime?
True
Let s(m) = 3987*m**2 + 63*m + 113. Is s(-2) a prime number?
False
Let n = -272387 + 596046. Is n a prime number?
False
Let s = -225 + 226. Let c(d) = 1542*d**3 - 6*d + 7. Is c(s) prime?
True
Suppose -190*v + 15 = -185*v. Suppose -2*d + 1882 = a - 6085, -2*d = v*a - 7969. Is d prime?
False
Suppose 380*f - 9240238 = 246*f. Is f prime?
False
Suppose -731938 = -36*z + 667058. Is z a composite number?
False
Is 97339/(-7)*36/((-1152)/224) a composite number?
True
Is 2 + 5 + -1 - (-71142)/6 a composite number?
False
Suppose -10*m + 2565639 = -m. Is m a prime number?
True
Let o = 29 - 25. Suppose 3*u = o*r - 2, -4*r + 4*u + 18 = 9*u. Suppose r*a + 595 = 1965. Is a a composite number?
True
Let r(j) = -860*j + 106. Let t be r(-41). Let h = t + 24843. Is h a prime number?
True
Let p = 169731 + -81682. Suppose -52*m = -39*m - p. Is m a prime number?
False
Let u(z) = 11 + 4 + 13 + 24*z + 77313*z**2 - 3 - 7965*z**2. Is u(-1) a composite number?
True
Let x(i) = 2*i - 117. Let v be x(0). Let a = v - -300. Is a composite?
True
Let y(f) = 3*f**2 + 29*f - 5. Let s be y(-10). Suppose 4 + 21 = s*i. Suppose 3*z - 387 = 2*z - 4*l, -1905 = -i*z - 5*l. Is z composite?
False
Let a be 4 - (-3)/(-1 + 4). Suppose 3*m - 1400 = -5*n, 0 = -4*n + 4 - 24. Suppose 4*b = 3*d - m, 1179 = 5*d + a*b + 399. Is d composite?
False
Let c(n) = -159 - 19*n**2 + 248 + 7*n**2 - 36*n - 8*n. Let i(o) = -8*o**2 - 29*o + 59. Let v(s) = -5*c(s) + 7*i(s). Is v(-15) composite?
False
Suppose 2*d + 0*m - 115 = m, 4*d - 236 = -4*m. Let b = 65 - d. Is 0*(14/(-4))/b + 479 a prime number?
True
Is (8*2909988/24 - -10) + -7 prime?
False
Is 125285*(-4 - (-84)/20) prime?
True
Suppose -15*f + 4*f + 165 = 0. Suppose 33 - 30 = -3*j. Is (-1360 + j)*5/(f/(-3)) a prime number?
True
Let y(v) = -3356*v**3 - 29*v**2 + 8*v + 16. Is y(-5) composite?
False
Suppose 123*x - 130*x + 21 = 0. Suppose 5*i - 5074 = -x*s, i = -2*s + 1023 + 2362. Is s composite?
False
Suppose 11*a + 45 = 6*a. Let m be 60/a*(-1924 - -1). Suppose m = -15*y + 25*y. Is y a composite number?
True
Suppose 0 = -3*g + 25 - 40. Is 263*g*4/(-20) composite?
False
Let x be ((-382)/(-4))/((-7)/(-70)). Let k = 1129 + x. Let j = k - 1219. Is j a composite number?
True
Let d(l) = -21*l**3 - 5*l**2 + 18*l + 40. Let a be d(-12). Suppose 0 = 2*c + 6, 2*s = -3*s - c + a. Is s composite?
False
Suppose -11 = 4*b - 5*p - 2, 0 = 2*b + 3*p - 23. Let u(h) = b - 11 - 2 + 11*h. Is u(4) a composite number?
True
Let t = -20270 - -36397. Is t prime?
True
Is 2/((-30301)/(-181734) - (129/18 + -7)) prime?
False
Suppose -p = 4, 2*r + 4*p = -p + 26842. Suppose -5*d = -r - 14794. Is d composite?
True
Let r be (-1146)/2*(-47 + 27). Suppose 25*z = 74035 - r. Is z a prime number?
True
Let u(q) = 1141*q**2 + 44*q - 142. Is u(5) composite?
False
Let h(l) = 51*l + 22. Let t be h(12). Suppose 3*s + t - 205 = 4*c, -565 = -5*c - 2*s. Is c composite?
True
Suppose -5 = -5*l - 5. Suppose 15*g - 11*g - 224 = l. Suppose g*h = 58*h - 502. Is h composite?
False
Is 48 - -105450 - 26/(-2) composite?
True
Suppose -8*k + 384996 - 64372 = 0. Suppose k = 4*q + 1530. Is q composite?
True
Suppose q + 13 = 3*m, -4*q - 5*m + 14 + 19 = 0. Let r(j) = 8 - 12*j**q - 7 - 8*j - j**3 + 0. Is r(-12) prime?
True
Let k(r) be the second derivative of 1562*r**3/3 + 9*r**2/2 + 4*r + 7. Is k(5) a composite number?
False
Let x = 3895 - -39054. Is x a prime number?
False
Let r(o) = -365*o - 2. Let f be r(-3). Let b be (-4)/(-2 - -6) - 8652/(-12). Let w = f - b. Is w composite?
False
Is (-8)/36 - (4/16 - (-3840081)/(-756)) prime?
False
Let c(l) = -2*l**3 + 7*l**2 + 9*l + 9. Let p(w) = -w**2 + 1. Suppose -b + 1 = 3*d + 4, 4*b + 2*d = 8. Let r(f) = b*p(f) + c(f). Is r(-5) prime?
True
Suppose 0 = 4*x - a - 1631 + 5486, -3*a = -x - 961. Let c = 2869 + x. Suppose -21*r + 16*r = -c. Is r prime?
False
Let j = 306901 - 157632. Is j a prime number?
True
Let l = -14 + -21. Let v(t) = 6*t**2 + 11*t + 44. Is v(l) a composite number?
True
Let q(l) = 5*l**2 + 7*l - 1. Let d be q(-2). Suppose 2*w - 4*w + 3*f = -7698, 3*f - 19203 = -d*w. Is (w - 1) + (-1 - -4) composite?
True
Suppose -4*n + 90491 = -61417. Suppose -18*y + 17*y - n = -4*u, 3*y - 18971 = -2*u. Is u a prime number?
False
Let n be 1*(-3 + -5 - -2). Is 2/(20/n) + 15596/10 a composite number?
False
Suppose 0 = -2*a + 75 - 79. Is ((-59434)/6)/(a/6) prime?
True
Let r = -143 + 148. Suppose 4*t + t - r = 0. Suppose 0 = k - t, 590 = -3*c + 4*c + k. Is c a prime number?
False
Is 81601 + (1 - (6 - 10)) - -5 a composite number?
False
Let i = 28 - 22. Let t be (-5308)/i + (-6)/18. Let f = t - -1406. Is f composite?
False
Let k(m) = -196*m**2 + 7*m. Let s(n) = 195*n**2 - 8*n + 1. Let q(h) = -3*k(h) - 2*s(h). Let f(w) be the first derivative of q(w). Is f(2) prime?
True
Let x(d) = d**3 + 10*d**2 - 5*d - 3. Suppose 3*k = k. Let q be (k + 3)*55/33. Is x(q) prime?
True
Suppose 418*n = 428*n - 10. Let p = -4 + 64. Is p*9 - (-2 + n) a prime number?
True
Let v = -1429 + 8676. Let p = 15714 - v. Is p composite?
False
Let l = -81 + 84. Suppose -3*k + 0*b = b + l, -3*k = -b + 3. Is (1/2)/(k/(-3356)) prime?
False
Is -4*(-13)/(-52)*-5171 prime?
True
Suppose 2*w + 120*t - 117*t = 306769, 2*w - 2*t - 306784 = 0. Is w prime?
False
Let f = -20652 + 89795. Is f prime?
True
Let u = -384438 + 1003548. Is (-1*1/6)/((-45)/u) a prime number?
True
Let k be 5*200 - (-20 - -18). Let q = k - -1177. Is q a composite number?
False
Suppose 2*z + 29 - 37 = 0, -d + 3*z = -1229. Suppose -d = -44*a + 26523. Is a a prime number?
True
Suppose 0 = -6*p - 118 - 164. Let j = 44 + p. Let d(g) = -16*g**3 + g**2 - 3*g + 1. Is d(j) a composite number?
True
Is (9622242/252)/(-2*2/(-8)) a composite number?
False
Suppose 64*l + 19930725 = 199*l. Is l a composite number?
True
Suppose 18469 = -159*h + 170*h. Suppose -5*u = 4*l - h, -8*u - 1671 = -13*u + 4*l. Is u a composite number?
True
Let m(r) = 4*r**3 - 11*r**2 - 16*r + 12. 